 1092. Let q(k) = 2*k + 1. Let r be q(-1). What are the prime factors of (n/18)/(r/3)?
2, 23
List the prime factors of (-12)/((28/(-371))/4).
2, 3, 53
Let s(m) = -15*m - 34. List the prime factors of s(-5).
41
Suppose 1138 = -7*t + 17007. List the prime factors of t.
2267
Suppose 3*y - 29 = -4*b, -5*b + 3*b + 1 = -3*y. Suppose 5*t - 2*k - 3*k - 70 = 0, -b*k - 26 = -t. List the prime factors of t.
11
Suppose 3*x - 10767 = -4*z, -12*z + 7*z = 4*x - 13459. List the prime factors of z.
3, 13, 23
Let m = -403 + 575. List the prime factors of m.
2, 43
Suppose -1 = -2*j - 5*c, 0 = -2*j - 4*c + 2. Suppose -3*h - 2 = -239. Suppose -4*m = j*x - h, 2*m - 5*m - 4*x = -61. List the prime factors of m.
19
Let z = -4 + 9. Suppose -3*k - 2*w + 89 = 2*k, -z*w + 78 = 4*k. What are the prime factors of k?
17
Let h = 100 + -38. Let j be 5/(-25) - h/(-10). Suppose 0 = -5*m + j*m - 9. List the prime factors of m.
3
Suppose 696*h - 693*h = 3474. List the prime factors of h.
2, 3, 193
Let n be 1554/(-77) - 4/(-22). Let t = 78 + n. List the prime factors of t.
2, 29
Let a(p) = p**3 + 4*p**2 - 6*p - 2. Let d be a(-5). Suppose 4*q - d*m - 15 = 0, -4*m = -5*q - 0*q + 20. Suppose q = -4*g - g + 35. List the prime factors of g.
7
Suppose 0 = -2*r - 0*r - 50. Let g be ((-10)/r)/((-1)/(-5)). Suppose -76 = -3*f + h, 4*f + g*h = -0*h + 118. What are the prime factors of f?
3
Suppose 2*u - 27 = -3*t + 5*u, -17 = -t + 3*u. Suppose 5*x + 2*y = 11, t*x - y - 4*y = 25. List the prime factors of x.
3
Let q = -240 + 234. Let b(l) = -l**2 + 5*l + 6. Let m(k) = 3*k**2 - 9*k - 11. Let r(j) = 7*b(j) + 3*m(j). What are the prime factors of r(q)?
3, 11
Let s(i) = i**3 - 61*i**2 + 131*i + 17. List the prime factors of s(59).
2, 7
List the prime factors of ((-14)/(-10))/7 + (-35298)/(-10).
2, 5, 353
Suppose 2*z - r - 155 = 4*r, -5*z - 4*r + 305 = 0. Suppose -z = -n - 5*c, 0 - 9 = 3*c. List the prime factors of n.
2, 5
Suppose 0 = -2*h + 4*h. Suppose -5*i + 10 = h, -2*p + 139 = 5*i - 9. List the prime factors of p.
3, 23
Let h = 7 + -5. Let n be (-54)/(-1)*h/4. List the prime factors of 2/3 - (-387)/n.
3, 5
Suppose 0 = 3*l + f + 7, 0 = -2*f - f + 6. Let m = l - -9. Suppose -p = p - m. List the prime factors of p.
3
Suppose -2 = -i, 0 = -3*k + 2*i + 1035 + 344. What are the prime factors of k?
461
Suppose -3*m = -5*f + 16, 4*m = -2*f + 2 + 20. Suppose 3*n - 42 = -f*j, 4*j - 17 - 18 = -n. List the prime factors of j.
3
Let t(z) = -z**2 - 6*z - 3. Let c be t(-4). Suppose -152 = b - c*b. List the prime factors of b.
2, 19
Let d(b) = 25*b**2 + 1. Let j be 8/(-52) + 84/39. Suppose -j*c + 4*u + 18 = 0, -3*c + u = 3*u + 5. What are the prime factors of d(c)?
2, 13
Suppose 0 = -10*i + 5*i. Suppose -3*l - 2*l + 60 = i. Suppose -42 = -5*p - l. List the prime factors of p.
2, 3
Let i(h) = -70*h + 4. Let r(s) = -139*s + 9. Let b(x) = 5*i(x) - 2*r(x). List the prime factors of b(-1).
2, 37
Let f(l) = -13*l**2 + 3*l + 23*l**2 - 6*l + 1. List the prime factors of f(2).
5, 7
Suppose 2*g + 6 = 0, 47 = c - 0*g + 2*g. Suppose -13 = -2*f + c. List the prime factors of f.
3, 11
Let r(v) = -v**2 + 18 - v**3 + 4 + v - 2*v. Let o be (0/2)/((-15)/5 + 7). List the prime factors of r(o).
2, 11
Let b = 822 + -484. List the prime factors of b.
2, 13
Let j be (-18)/24 - (-102)/8. Let m = j - 9. List the prime factors of m.
3
Suppose 2*v = 8*v - 1350. List the prime factors of v.
3, 5
What are the prime factors of (-1068)/445*5305/(-4)?
3, 1061
Suppose -4316 = -9*d + 5*d + 4*u, -2*u = 10. What are the prime factors of d?
2, 3, 179
Let y = 9 + -8. Let n be -2*2/(-4) + y. Let v = n - -15. List the prime factors of v.
17
Suppose 1276 = 2*x + 4*f, x - 4*f + f - 653 = 0. What are the prime factors of x?
2, 7, 23
Suppose 14*l - 13*l = 1. Let z(t) = 4 + 7*t - l - 9*t + t. List the prime factors of z(-15).
2, 3
Let j(p) = -p**3 + 32*p**2 + 53*p + 135. List the prime factors of j(32).
1831
Let u be (-6)/4 + (-142)/(-4). Let a = u - 26. What are the prime factors of a?
2
Let u be (9/(-12))/(3/8*-1). Suppose -u*n = -10*n + 344. List the prime factors of n.
43
Let l be 5*-3*(-2)/(-15). What are the prime factors of l - (-1)/((-1)/(-25))?
23
Suppose -2*c + 2*y - 3 = -1, 2*c + y - 10 = 0. Suppose 5*j + 3*g = 7*g + 613, -c*j + 369 = -3*g. What are the prime factors of j?
11
Let w(s) = s**3 + 2*s**2 + 12*s - 3. Suppose 3*a + 0 - 9 = 2*l, -a + 4*l - 7 = 0. List the prime factors of w(a).
2, 29
Let v(f) be the first derivative of -f**5/60 - 5*f**4/24 + f**3/3 - 9*f**2/2 - 7. Let q(z) be the second derivative of v(z). List the prime factors of q(-4).
2, 3
Suppose 45*q - 11521 = -3106. List the prime factors of q.
11, 17
Let o(x) = -6 + 2*x - 6*x - 25*x. List the prime factors of o(-2).
2, 13
Let g(k) = -82*k + 53. List the prime factors of g(-6).
5, 109
Let c = -16 + 27. Suppose -2*w = -v - 2*v - c, -1 = v. Suppose d - w = 13. List the prime factors of d.
17
Let o = 10 - -8. Let p be (-1)/2 - 45/o. Let y = 26 + p. What are the prime factors of y?
23
Let z = 27 - -69. Let b(p) = p**2 + 3*p + 4. Let a be b(-3). List the prime factors of (4/6)/(a/z).
2
List the prime factors of 1/(7525/3759 - 2).
3, 179
Suppose 0 = 3*x - 6, -2*x = -9*s + 4*s + 1086. What are the prime factors of s?
2, 109
Let y be 46/6 - (-32)/(-48). Suppose -y*z + 361 = 116. List the prime factors of z.
5, 7
Let g = 3 + -3. Suppose n = -g*b - 5*b - 9, -5*n - 45 = -4*b. List the prime factors of 11/3 - 3/n.
2
Let u(d) be the first derivative of -d**3/3 + 8*d**2 + 7*d - 10. Suppose 6*q - 64 = 2*q. List the prime factors of u(q).
7
List the prime factors of 18426/148*(-32)/(-3).
2, 83
Let o = 196 + -76. Let r = o + -46. List the prime factors of r.
2, 37
Let k(x) = -4 + 23*x - 13 + 4. List the prime factors of k(3).
2, 7
Suppose -4076 = -8*k - 228. List the prime factors of k.
13, 37
Let v(i) = 4*i**3 - 38*i**2 - 11*i - 55. List the prime factors of v(13).
2, 271
Let f = 1 + -25. Let j = 27 + f. Suppose 90 = 4*k + 2*h, -27 = -k + 2*h + j. What are the prime factors of k?
2, 3
Let r = 527 + -233. What are the prime factors of r?
2, 3, 7
Suppose -4*h - 4*j + 2791 - 131 = 0, 0 = -5*h - j + 3337. List the prime factors of h.
2, 167
What are the prime factors of 5*(-4)/(-60)*699?
233
Suppose 0 = -2*p - 3*p - 155. Let f = 57 + p. What are the prime factors of f?
2, 13
Suppose -11*d - 240 = -12*d. Suppose -2*z = -6*z + d. List the prime factors of z.
2, 3, 5
Let x(z) = z**2 + z + 1. Let d(m) = 4*m**3 - 7*m**2 - 6*m - 3. Let t(g) = d(g) + 5*x(g). What are the prime factors of t(1)?
3
Suppose -3*z + 10 = -11. Suppose -4*f = z*f - 1452. What are the prime factors of f?
2, 3, 11
Suppose 0 = 18*n - 34*n + 12192. List the prime factors of n.
2, 3, 127
Let v be (17 - (-4 - 0)) + -5 + 2. List the prime factors of (-506)/(-7) - v/63.
2, 3
Let r(x) = 437*x - 60. List the prime factors of r(2).
2, 11, 37
Suppose 61 + 279 = -10*y. Let z = 59 + y. List the prime factors of z.
5
Suppose -6335 = 13*a - 20*a. What are the prime factors of a?
5, 181
Let t = -456 + 849. List the prime factors of t.
3, 131
Let v(d) = -d**3 + 14*d**2 + 14*d - 32. Let y be v(13). Let i = y - -14. List the prime factors of i.
3, 37
What are the prime factors of (-54)/((-344)/(-120) - 3)?
3, 5
Suppose -t = 1, -5*a - 5*t - 4 + 44 = 0. Let r = -6 + a. Suppose -6 - 33 = -r*d. What are the prime factors of d?
13
Let v = 39 - -504. List the prime factors of v.
3, 181
Suppose 13*p - 6*p - 2191 = 0. What are the prime factors of p?
313
List the prime factors of (10296/(-6))/(-6 - (0 - 5)).
2, 3, 11, 13
Let v(q) = -q**2 + 3*q + 12. Let d be v(5). Let k(a) = d + 2*a - a - 4*a**3 + 2*a**3 - 5*a**3. What are the prime factors of k(-1)?
2
Let a be ((-17)/(-34))/(1/2). List the prime factors of -3 + ((-3)/a - -66).
2, 3, 5
Let z(w) = -2*w**3 + w**2 - 9. Let r be -1 + ((-4)/4 - -3) + -5. What are the prime factors of z(r)?
3, 5
Suppose -14 = -g + 2*w, -3*g = 3*w - 5*w - 22. List the prime factors of 107 + (6/9)/(g/12).
109
Suppose 0*d = -2*d - 8. Let t = -2 - d. Suppose -8 = -t*c + 20. What are the prime factors of c?
2, 7
Suppose 0*f - 6*f = 384. Let a = 28 - f. List the prime factors of a.
2, 23
Let c be (-29)/9 + 2/9. List the prime factors of c + 2 + -4 + 15.
2, 5
Let z be 2 + 0 - -2*2. Let g(v) = 15*v + 10. List the prime factors 